-12
What is 203 - 196 - (0 + 0 + -1) - 0?
8
What is (1 - (0 + 3 + -5)) + 6?
9
Calculate 3 + 16 + (1 - 28).
-8
What is (-6 + 0 - -15 - 5 - 2) + -4?
-2
What is (13 - 14 - 1) + -2 + (-2 - 9)?
-15
-1 + (32 - 23) + 10
18
What is 5 + -27 + (3 - 5 - -3 - -8)?
-13
Calculate 3 + -8 - (-25 - -19) - 3.
-2
What is 9 - (14 - 24 - -10)?
9
What is -7 + 8 - (-4 + 10 + 2)?
-7
Calculate 145 + -148 - (-1 - (-2 - -2)).
-2
Evaluate -9 + -1 - (-1 - (12 - -4 - 14)).
-7
Evaluate 11 - (2 + 8) - 3.
-2
14 - (-24 - -38) - (1 + -3)
2
186 + -161 + (-1 + 3 - -1) - 1
27
Evaluate 6 - (-9 - -9) - (5 - 0).
1
What is the value of (25 - (-14 + 22)) + -18 + -10?
-11
What is (-2 - (4 + -1)) + 6 - (5 + -16)?
12
Evaluate -8 - (0 + -4 + 3) - (-42 - -16).
19
Calculate (4 - -2 - 2) + -5.
-1
What is -2 - (3 + -1) - (2 + -14)?
8
What is the value of 1 + 2 - -6 - (3 - 0 - 4)?
10
Evaluate 22 + (-11 - 5) - -6.
12
Evaluate -14 - (14 - 2 - 21) - -12.
7
Evaluate 14 + -9 + 1 + -9 + -8 + 2.
-9
What is the value of -1 - ((-1 - (-15 + 12)) + 10 + 0)?
-13
Calculate -17 + (-8 + 5 - -7) + 4 - 5.
-14
What is (-1 - (13 + -12)) + 8 + 4?
10
What is the value of (2 + -1 - 3) + 13 - (39 + -39)?
11
What is the value of -33 + -18 + 23 - -12?
-16
Evaluate 15 + 1 + -2 + (-37 - -13) + 27.
17
(-10 - -11) + 4 + -7
-2
Calculate -60 + 73 + -6 + 0.
7
Evaluate 45 - 51 - (2 - (-3 - -3)) - -24.
16
-8 - (-7 - 11) - 3
7
What is the value of (-6 - -22) + (-21 - -4) + 5?
4
Calculate -25 + -3 - (56 - 82).
-2
What is 4 + -1 - (15 - 6 - 9)?
3
What is the value of -9 - (-23 + 5 + 14)?
-5
What is the value of 5 + (-7 - (19 - 8) - -10)?
-3
Calculate (0 - 1 - 4) + (1059 - 1070).
-16
Calculate 19 - (6 + 10) - (-2 + -2).
7
What is -2 - (-2 + -1) - (-32 + 22 + 14)?
-3
(35 - 44 - (0 - 13)) + 0 + -1
3
-16 + (-2 - (-4 + -2 + 3) - -2)
-13
(-2 - -7) + -31 + 14 + -5 + -1
-18
9 + -8 - (-60 - -64)
-3
(-1 - (15 - 18)) + 12
14
Calculate -40 + 1 - ((107 - 60) + -50).
-36
What is 1 - 10 - 5 - (-10 + 9) - -4?
-9
Evaluate 0 + -11 + -19 + 26 - -2.
-2
What is the value of -1 + -5 + -1 + -11 + (-6 - -15)?
-9
What is -65 + 43 - (-4 + -3)?
-15
-7 + (10 - (-2 + (6 - (5 - 5))))
-1
Evaluate 8 - ((5 - (-5 + 4)) + 4).
-2
Calculate (295 - 287) + (-1 - 0).
7
What is 11 + 7 + -24 - -8?
2
Calculate -11 - (-2 + 18 - (7 + 1)).
-19
What is (-3 - -5) + 1 + -1 - -1?
3
38 + -2 + -4 + -10 - 9
13
Evaluate 61 - 0 - (535 - 505).
31
Evaluate -8 + 2 + -1 + 15 + 0.
8
What is 9 - (5 + 10 + -12 + 11)?
-5
Evaluate -1 + 10 + 1 + -8 + 6.
8
Calculate (0 - -11) + (-37 - -1) + 327 + -323.
-21
15 + (1 - 8) - 8 - 9
-9
What is the value of 17 + -49 + 7 + 8?
-17
Calculate (-4 - 1) + (6 - (3 - (0 + 4))).
2
Evaluate 0 + 9 + -1 - (43 - 72 - -35).
2
Evaluate -7 - ((-7 - -3) + 4 - (-9 - -5)).
-11
What is 25 + (-33 - 5 - -25)?
12
Evaluate 18 - (22 - 20 - -8).
8
What is the value of -10 + 12 + -13 + 5 + 4?
-2
-10 - (-2 + 2) - (11 + -10)
-11
(-11 - -8) + (17 - (16 + -9))
7
What is the value of -5 + -1 + (15 - 8) + -12?
-11
(-18 - 1) + (29 + -37 - -16)
-11
1 + (2 - -9) - (51 - (68 - 20))
9
(-7 - -1) + (-8 - 8)
-22
What is the value of -9 + (13 + -26 + 7 - (-3 + -2))?
-10
What is -30 - (22 - 42) - -32?
22
What is the value of -5 + 0 + 1 + (25 - 21) - 4?
-4
-2 - (-2 - 7) - (3 + 32 - 35)
7
Evaluate 10 - ((-3 + 17 - 21) + 3).
14
What is the value of 23 - (17 + 12) - (3 + 4)?
-13
Calculate (10 - (-1 + 2) - 7) + -3.
-1
Evaluate -2 + (-18 - 16 - -40 - (12 - 0)).
-8
4 + (8 - 11) + (9 - (6 + 0))
4
What is the value of (6 - 1) + (-67 - -57 - -20)?
15
Calculate -29 - (-34 - -21 - -1) - (2 - -1).
-20
21 - (-2 + 6 + -1 + 10)
8
What is the value of (-3 - -29) + 55 + -58?
23
Evaluate -1 - (-19 + 17) - -9.
10
Evaluate (-5 - -21) + -9 + -13 + 2 + 1.
-3
16 - (18 + -6) - 8
-4
4 + (-10 + 0 - -3) - 6
-9
What is the value of 10 + (-45 + 34 - (-2 + 11))?
-10
What is the value of -20 - (16 + (4 - 14) - (-5 - -14))?
-17
What is the value of 16 + -5 - -3 - 19?
-5
What is the value of -61 + 58 - (0 - (-6 + -3))?
-12
Calculate -1 - -3 - (-1 - -7 - 5) - -14.
15
What is the value of (-7 - 8) + 10 + (-2 - -9)?
2
Calculate 8 + (-4 + 3 - -2 - (46 + -44)).
7
(3 - 18) + (-1 - (-2 + (-2 - -11)))
-23
What is -6 + (1 - 1) + (-6 - (-14 - -5))?
-3
Evaluate 2 + 0 + 3 + 3.
8
Evaluate 7 - (3 + -7) - 7.
4
Evaluate 0 + -4 + (1379 - 1366).
9
-2 - (0 - -4) - 1
-7
What is (-19 - (-6 - 8)) + 15?
10
What is -2 + -8 + (4 - -2) - -29 - -10?
35
Calculate 28 + 14 + -10 + -3 - 13.
16
What is 33 - (-9 - (0 + 7 + -70 + 54))?
33
What is -99 + 86 + (0 + -4 - 9)?
-26
What is the value of (27 - 17) + (-2 - 5 - 5)?
-2
What is the value of (-2 - -3) + 1 - (-74 - (55 - 110))?
21
9 + -3 - ((-2 + -6 - 35) + 14)
35
What is the value of 0 + 0 - (1 + (-33 - -24))?
8
-5 + 19 + (-8 - (5 - 9))
10
What is 9 - 0 - (-52 + 59) - 9?
-7
Evaluate 9 + (8 - 14) + 9 - -1.
13
Evaluate 22 - ((3 - (18 + -20)) + -12).
29
What is the value of 2 + 6 + -7 - 5 - 5?
-9
Calculate -14 + (17 - -2 - 17).
-12
What is -5 + 7 - (-21 - 6) - 12?
17
-6 - (-10 - 5) - 1 - 3
5
Calculate -1 - ((3 - 1) + 5 + -20 - -1).
11
What is the value of (-56 - 78) + 125 - (-2 - -1 - 11)?
3
Calculate (3 - -14) + -29 + 29 + 17.
34
What is the value of (1 - 9) + 0 + 8 + (-96 - -88)?
-8
What is the value of -2 - (-2 + (1 - -7) + -6)?
-2
Calculate (-298 - -286) + 0 + -2.
-14
What is 0 + -3 + 4 + (21 - 29)?
-7
Calculate -11 + -1 - (-65 + 43).
10
Evaluate 13 - (-74 - -80) - (-9 + -2 + 3).
15
What is the value of 0 + (-27 - (-22 - 7))?
2
Evaluate (16 - 19) + -8 - -10.
-1
1 + (-1 + 0 - (-26 + 24) - 10)
-8
Evaluate 6 + (-7 + (14 - 9) - -7).
11
What is (-7 + (13 + 3 - 4) - -20) + -7?
18
What is the value of 17 - (9 + -4 + 8)?
4
What is the value of (25 - 9) + -6 - (-6 - -2)?
14
What is the value of (1 - 5) + 25 - 5?
16
16 + 7 - (-5 - -20)
8
11 + 2 + (42 - 46) - 5
4
What is the value of -31 + -3 + -3 - -47?
10
Evaluate -13 + 17 - (-4 + 0).
8
What is the value of 1 - -14 - ((116 - -23) + -105)?
-19
Evaluate 14 - 30 - (-23 + -3 + 2).
8
What is the value of 9 + (-2 - (12 + -6)) + -1 + 2?
2
What is the value of (-2 - 3) + 16 + 2 + -11?
2
Evaluate -1 + -6 - (3 - (-2 + (-5 - -4))).
-13
(1 - (-19 + 2)) + (-12 - (-45 + 35))
16
Calculate (-31 - -23) + 2 + -1 + -29 + 4.
-32
What is the value of -24 + 29 + -13 + 1 + 1?
-6
0 - (1 + 9 - (-1 + -4))
-15
Evaluate 20 - (17 + -62 + 44 + (1 - -7)).
13
Evaluate -7 - (31 + -18) - -11.
-9
-1 + (12 - 9) - (-41 - -38)
5
What is -31 + 44 - (0 + (-3 - -3) + -6)?
19
Evaluate 5 + (1 + 6 - 12).
0
Evaluate 11 + -7 + 4 + -17 + 8.
-1
What is -59 + 11 + 43 + -19?
-24
What is -20 - -19 - ((4 - 5) + 1 + 12)?
-13
What is -2 + -1 + (28 - 33)?
-8
Evaluate (19 + 12 - 15) + 16.
32
What is the value of (3 - ((16 - 23) + 16)) + (42 - 6)?
30
What is the value of (37 - 19 - 69) + 28?
-23
Evaluate 13 + -6 + -2 + 3 + -6 + 5.
7
What is the value of 12 + -19 + -1 + 16?
8
What is the value of -11 + (14 + -31 - -39)?
11
Calculate -5 - (-3 + (-17 - (1 - 3 - 1))).
12
Calculate (10 - (17 + -3)) + 28 + -6.
18
Calculate 8 - (((-2 - -3) + 4 - -14) + -5).
-6
-24 + 14 + -6 - -3 - (-1 + -4)
-8
What is 0 + -5 + 1097 + -1082?
10
Evaluate 123 + -118 + (-1 - 2).
2
Evaluate 11 - (4 + -1 + 2).
6
Calculate (-2 - -3) + 3 + -6 + 3 - -35.
36
(-3 + (7 - 6) - -8) + -9
-3
Calculate ((-3 - -5) + -5 - -1) + (7 - -1).
6
7 + (1 - 25) + (-23 - -27)
-13
What is the value of -8 - -7 - (-2 - 8 - -18)?
-9
What is the value of (2 - 4) + 4 - (7 - 3)?
-2
What is the value of -21 - -3 - (-40 - (30 - 73))?
-21
What is (-56 - -32 - -27) + (0 - 12)?
-9
Calculate 5 - -27 - (129 + -112).
15
What is (6 - -10) + -16 - (1 - 10)?
9
Evaluate 3 + 2 - (-39 + (2 - -32)).
10
What is the value of -5 + -22 + 21 + -8?
-14
Calculate -9 + (3 - (1 + 0)).
-7
What is -5 - (-3 - -13 - 12 - 7)?
4
Calculate -5 + -23 - (-7 - 7).
-14
What is (5 - 6) + -10 + (-4 - (-27 - -12))?
0
What is -1 - -1 - (-54 + 53)?
1
What is the value of -5 - ((9 - 2 - (-8 + 11)) + -2)?
-7
What is the value of (0 - 0) + -14 + (2 - -25)?
13
Evaluate -2 - 17 - 9 - (-6 + 4 + -5).
-21
Evaluate 32 + -18 + -14 - (0 - -1).
-1
Evaluate 43 + 4 - (-26 - -38).
35
What is 14 + -13 + 0 + -13?
-12
Calculate (2 + -1 - 6 - (19 + -20)) + 6.
2
What is -93 + 85 + (3 - 1) + 20?
14
12 - (8 - (14 + -16))
2
What is the value of 2 - (10 - -1 - 3) - (-29 - -20)?
3
What is the value of -30 + -7 + 24 + -4?
-17
What is the val